{"id":18,"date":"2018-02-16T13:02:12","date_gmt":"2018-02-16T12:02:12","guid":{"rendered":"https:\/\/svatba.akcelulu.cz\/?page_id=18"},"modified":"2018-04-01T17:01:54","modified_gmt":"2018-04-01T15:01:54","slug":"prani","status":"publish","type":"page","link":"http:\/\/svatba.akcelulu.cz\/?page_id=18","title":{"rendered":"P\u0159\u00e1n\u00ed"},"content":{"rendered":"<p>Tento formul\u00e1\u0159 slou\u017e\u00ed k zasl\u00e1n\u00ed Svatebn\u00edho p\u0159\u00e1n\u00ed.<br \/>\n<strong>\r\n<form  method=\"post\" class=\"nk-wishes-form nk-wishes-form-styled\" >\r\n    <label for=\"nk_wishes_name\">Jmeno *<\/label>\r\n    <input type=\"text\" id=\"nk_wishes_name\" class=\"form-control\"  name=\"nk_wishes_name\" >\r\n\r\n    <label for=\"nk_wishes_email\">Email *<\/label>\r\n    <input type=\"email\" class=\"form-control\" id=\"nk_wishes_email\"  name=\"nk_wishes_email\" >\r\n\r\n    <label for=\"nk_wishes_content\">P\u0159\u00e1n\u00ed *<\/label>\r\n    <textarea class=\"form-control\" id=\"nk_wishes_content\" rows=\"5\"  name=\"nk_wishes_content\" ><\/textarea>\r\n\r\n    <div class=\"nk-wishes-form-result\"><\/div>\r\n    <button type=\"submit\">Submit<\/button> \r\n    <span class=\"nk-wishes-form-spinner\">\r\n        \r\n<div class=\"nk-wishes-spinner\"><i><\/i><\/div>    <\/span>\r\n\r\n    \r\n    \r\n    <input type=\"hidden\" name=\"post_type\" id=\"post_type\" value=\"nk_wish\">\r\n\r\n    <input type=\"hidden\" name=\"action\" value=\"add_nk_wish\">\r\n\r\n    <input type=\"hidden\" id=\"nk_wishes_nonce_field\" name=\"nk_wishes_nonce_field\" value=\"00ad6d75fe\" \/><input type=\"hidden\" name=\"_wp_http_referer\" value=\"\/index.php?rest_route=%2Fwp%2Fv2%2Fpages%2F18\" \/>\r\n    <\/form><\/strong><br \/>\nMoc v\u00e1m d\u011bkujeme za p\u0159\u00e1n\u00ed, kter\u00e9 se v n\u00e1sleduj\u00edc\u00edch dnech objev\u00ed na <a href=\"https:\/\/svatba.akcelulu.cz\/svatebni-prani\/\">tomto webu.<\/a><\/p>\n","protected":false},"excerpt":{"rendered":"<p>Tento formul\u00e1\u0159 slou\u017e\u00ed k zasl\u00e1n\u00ed Svatebn\u00edho p\u0159\u00e1n\u00ed. Moc v\u00e1m d\u011bkujeme za p\u0159\u00e1n\u00ed, kter\u00e9 se v n\u00e1sleduj\u00edc\u00edch dnech objev\u00ed na tomto webu.<\/p>\n","protected":false},"author":1,"featured_media":0,"parent":0,"menu_order":0,"comment_status":"closed","ping_status":"closed","template":"","meta":{"spay_email":""},"_links":{"self":[{"href":"http:\/\/svatba.akcelulu.cz\/index.php?rest_route=\/wp\/v2\/pages\/18"}],"collection":[{"href":"http:\/\/svatba.akcelulu.cz\/index.php?rest_route=\/wp\/v2\/pages"}],"about":[{"href":"http:\/\/svatba.akcelulu.cz\/index.php?rest_route=\/wp\/v2\/types\/page"}],"author":[{"embeddable":true,"href":"http:\/\/svatba.akcelulu.cz\/index.php?rest_route=\/wp\/v2\/users\/1"}],"replies":[{"embeddable":true,"href":"http:\/\/svatba.akcelulu.cz\/index.php?rest_route=%2Fwp%2Fv2%2Fcomments&post=18"}],"version-history":[{"count":10,"href":"http:\/\/svatba.akcelulu.cz\/index.php?rest_route=\/wp\/v2\/pages\/18\/revisions"}],"predecessor-version":[{"id":205,"href":"http:\/\/svatba.akcelulu.cz\/index.php?rest_route=\/wp\/v2\/pages\/18\/revisions\/205"}],"wp:attachment":[{"href":"http:\/\/svatba.akcelulu.cz\/index.php?rest_route=%2Fwp%2Fv2%2Fmedia&parent=18"}],"curies":[{"name":"wp","href":"https:\/\/api.w.org\/{rel}","templated":true}]}}